 the remainder when v is divided by f?
9
Suppose -2*d - 108 = -6*d. Calculate the remainder when 3 + d + -1 + -2 is divided by 14.
13
Let r = 50 - -32. Calculate the remainder when r is divided by 17.
14
Let l(s) = s**3 + 9*s**2 - 10*s + 8. Let g be l(-10). What is the remainder when 46 is divided by (0 - -2 - g)*-4?
22
Suppose -3*y + 5 + 4 = 0. Suppose -y*v + 8 + 1 = 0. Let h(f) = 7*f. Calculate the remainder when h(v) is divided by 12.
9
Let w = -4 - 4. Let q = w - -27. Suppose -4*n + 5*c - 13 = 0, -4*n - 4*c + q = -13. Calculate the remainder when 4 is divided by n.
1
Let w(c) = 3*c + 8. What is the remainder when w(3) is divided by 5?
2
Let j(y) = y**3 - 18*y**2 + 17*y + 11. Calculate the remainder when 19 is divided by j(17).
8
Let t = 794 - 541. What is the remainder when t is divided by 64?
61
Let y = 3 + 2. Suppose 79 = 3*s + y*o - 33, 2*s - 66 = o. Calculate the remainder when s is divided by 12.
10
Let l = 15 + -12. Suppose -12 = -6*q + l*q. What is the remainder when 9 is divided by q?
1
Let p = -5 - -60. What is the remainder when p is divided by 15?
10
Suppose 13 = 5*m - 7. Suppose -b = -m*b + 54. Calculate the remainder when b is divided by (-64)/(-6) + 4/(-6).
8
Let z = 57 + -11. Let n be ((-6)/15)/((-2)/20). Suppose -n*d + 7*d = -5*r + 86, 0 = r + 4*d - 24. What is the remainder when z is divided by r?
14
Suppose -o - 44 = -5*o. Calculate the remainder when 19 is divided by o.
8
Suppose -71 = -4*y - 19. What is the remainder when 62 is divided by y?
10
Suppose m + 23 = 50. What is the remainder when 242/3 - (-4)/(-6) is divided by m?
26
Let r = 12 + -6. Suppose 0 = -2*p + 4, -r*p - 10 = -2*n - p. What is the remainder when 18 is divided by n?
8
Let b = -16 + 42. Suppose 568 = 8*m - 240. Calculate the remainder when m is divided by b.
23
Suppose -9*w + 12*w = 57. What is the remainder when 92 is divided by w?
16
What is the remainder when 2 + -1 + 65/(-5)*-4 is divided by 15?
8
Suppose 0 = 2*n - n - 9. Suppose 4*v - n = -t - 0*t, 5*t = 4*v + 141. Suppose -3*x = x - 36. Calculate the remainder when t is divided by x.
7
Let b(s) = -s - 1. Let m(q) = q + 3. Let u be m(-5). Let d be b(u). Suppose -z + d = -5. What is the remainder when 10 is divided by z?
4
Suppose -4*c - 3*q = -5, c - 4*q - 20 = 5. Suppose -c*l + 3*l - 5*r + 13 = 0, -1 = l + 4*r. What is the remainder when l is divided by 5?
4
Suppose p - 2*p = -4*x + 13, 5*x - 2*p = 20. Let y be x/(-6) + 20/15. What is the remainder when -1 - (6 + y)*-11 is divided by 26?
24
Let a = 11 - 9. What is the remainder when 9 is divided by a?
1
Let l(i) = i**2 - 16*i - 82. Calculate the remainder when l(22) is divided by 26.
24
What is the remainder when 94 is divided by (-3)/(-3) + 3 - -20?
22
Let p(z) = z**2 + z - 6. Let y be (-87)/(-1) - (-4 - -3). Suppose -5*t + 2*t = -2*x - 89, -4*t - 5*x + y = 0. What is the remainder when t is divided by p(-5)?
13
Let u(q) = q**3 + 10*q**2 + 8*q + 4. Calculate the remainder when 22 is divided by u(-9).
9
Let d = -2 - -1. Suppose -3*a = -0 - 3. Calculate the remainder when a is divided by -1 + 1 - d/1.
0
Let u = -18 - -35. What is the remainder when u is divided by 6?
5
Suppose 2*k + 54 = 3*k. Suppose 0 = -t - t + k. Calculate the remainder when 78 is divided by t.
24
Let l(u) = -u**3 + 4*u**2 + 3*u + 3. Let k be l(5). Let b = k - -68. Calculate the remainder when b is divided by 16.
13
Let y be 2/8 - 1053/52. Let c = -15 - y. What is the remainder when 12 is divided by c?
2
Let j(m) = 6*m**2 + 2*m + 1. Calculate the remainder when 60 is divided by j(-2).
18
Let j = -10 + 29. Let t = j - -8. Let p = t + -12. Calculate the remainder when 43 is divided by p.
13
Let t(s) = s**3 - 2*s**2 - 2*s - 3. Let k be t(3). Let m be -52 - (k/(-3) - 2). Calculate the remainder when (m - (-1 - -1))/(-1) is divided by 13.
11
Let y be (-60)/(-16) + (-4)/(-16). Suppose y*c - 129 = 67. What is the remainder when c is divided by 10?
9
Let z(n) = 2*n**3 - 4*n**2 + 2*n + 1. Let g = -37 + 39. Calculate the remainder when z(2) is divided by g.
1
Suppose 3*m - 9*m = -24. Suppose x = 2*x - 11. Calculate the remainder when x is divided by m.
3
Let g(f) = -f + 8. Suppose 4*j = 5*l - 8, -3*j + l + 3*l = 7. What is the remainder when g(0) is divided by j?
2
Suppose -d + 21 = 14. What is the remainder when 14 is divided by d?
0
Let d(y) = y**2 + 0*y - 4 - 2 - 5*y. Suppose 44 = 3*o - 5*t, 0*t = -o - 4*t + 43. Calculate the remainder when d(-5) is divided by o.
21
Let g(m) = m - 3. Let f be g(5). Suppose -3*p = -f*w - 92 - 3, -33 = -p + 2*w. Calculate the remainder when p is divided by 16.
15
Suppose -5 = -3*t + w, 2*t - w = 6 - 2. Let v be t - (3 - 2 - 5). Let c = v + 4. What is the remainder when 24 is divided by c?
6
Suppose -3*z + 61 = -5*k, 0*z + 2*k = -5*z + 50. What is the remainder when 23 is divided by z?
11
Let u = 7 - 3. Let g(x) = 8*x + 2. What is the remainder when g(u) is divided by 18?
16
Suppose -g = -3*b + 194, 4*b - 3*b + 5*g = 38. Calculate the remainder when b is divided by 3 - (2 + -41)/3.
15
Suppose 0 = -2*a - 1 + 9. Let v = 9 - 6. What is the remainder when (2*1)/(2/a) is divided by v?
1
Let z(c) = 6*c - 1. Calculate the remainder when 30 is divided by z(2).
8
Suppose -m + 0*m = -11. Let z = 4 + m. Let o(x) = x**3 + 6*x**2 - x + 2. Calculate the remainder when z is divided by o(-6).
7
Suppose -2*v + 24 = -6. What is the remainder when 28 is divided by v?
13
Let q(w) = -w**2 - 6*w + 1. Let d be q(-5). Let r(c) = c - 7. Let n be r(d). What is the remainder when 4 is divided by 3*n*(0 + -1)?
1
Suppose 4*y - 13 = 4*j + 11, 6 = 2*y - 5*j. Suppose -19 = -3*b + 4*a, -4*b + 2*a + 24 = -y. What is the remainder when b is divided by 5?
4
Suppose 25 = -4*a + 73. Let s(d) = -5*d**3 - d**2 + 2*d. Let i be s(-2). Let b = i + -9. Calculate the remainder when b is divided by a.
11
Suppose -5*h + 10 + 8 = a, -3*a - 2*h - 11 = 0. Let x = a - -2. Let z(q) = -q**3 - 5*q**2 - 4*q - 6. What is the remainder when 41 is divided by z(x)?
13
Suppose 2*m = -0*m + 6. Suppose -29 - 43 = -m*a. What is the remainder when a is divided by 13?
11
Let t be (6/(-18))/((-1)/57). Let b = -5 + t. What is the remainder when 25 is divided by b?
11
Calculate the remainder when 6/(-21) + (-5)/(70/(-746)) is divided by 18.
17
Suppose -9*t + 101 + 61 = 0. Calculate the remainder when 44 is divided by t.
8
Suppose 0 = -0*p - 6*p + 6. What is the remainder when 4 is divided by p?
0
Suppose 48 = 2*o + o. Let q = 2 + o. Let p = -11 + q. Calculate the remainder when 13 is divided by p.
6
Suppose -27*f + 312 = -23*f. Calculate the remainder when f is divided by 20.
18
Suppose 4*g + 14 = 54. Calculate the remainder when 39 is divided by g.
9
Let l(d) be the third derivative of -d**2 - 25/24*d**4 + 0*d + 0 + 1/6*d**3. Calculate the remainder when l(-1) is divided by 9.
8
Suppose -4*s + 11 = -3*s. Calculate the remainder when 41 is divided by s.
8
Suppose -4*l - 20 - 12 = 0. Let n(d) = -d + 2. Let b(m) = -m**2 + 11*m - 10. What is the remainder when b(7) is divided by n(l)?
8
Let c(j) = -2*j**3 + 2*j + 2. Let d be 9/(-3) + (-1)/(-1). What is the remainder when 26 is divided by c(d)?
12
Let m(k) = k**3 + 6*k**2 - 8*k. Suppose -3*l - l - 520 = 0. Let y be l/18 - (-4)/18. What is the remainder when m(y) is divided by 4?
3
Suppose 0 = c - 14 + 6. Let v be 114/24 - 6/c. Suppose 47 + 57 = v*m. Calculate the remainder when m is divided by 7.
5
Let n = 29 - -20. Calculate the remainder when n is divided by 25.
24
Suppose 19 = 3*d + 4. Suppose 0 = -d*l + 23 + 17. Calculate the remainder when -1*4/(l/(-18)) is divided by 3.
0
Let v be (-175)/20 + (-4)/16. Let z(d) = -d**2 - 12*d - 8. What is the remainder when 74 is divided by z(v)?
17
Suppose 6*k - 4*r - 16 = 2*k, -5*k + 12 = -r. Calculate the remainder when 7 is divided by (k - 0)*(-1 + 2).
1
Let l = -20 + 64. Let b = l - 30. What is the remainder when b is divided by 8?
6
Let q = 8 - 5. What is the remainder when 5 is divided by q?
2
Let y(v) = v**2 - 3*v - 1. Calculate the remainder when (-567)/(-7) - (-2 + 5) is divided by y(-4).
24
Let t(b) = -b**3 + 2. Let y be t(2). Let c be 20/12*y/(-2). Suppose -3*a = -c*g - 1 - 53, 0 = -2*g. Calculate the remainder when 35 is divided by a.
17
Suppose -3*c - 109 = -4*k, 2*c + 1 = 3. Suppose 4*i - 6*i + 16 = 0. What is the re